15*o. Give z(-6).
-11
Let l(w) = -w**2 - 2*w + 3. Let m(d) = -4*d**2 - 7*d + 11. Let c(f) = -7*l(f) + 2*m(f). Suppose -8*s = -0*s + 32. What is c(s)?
-15
Let i be 2/(-8) - 9/(-4). Let n(f) = -6*f**i + f**2 + f**3 + 2 + 7*f - 3*f**2. What is n(7)?
2
Let x = 232 - 235. Let a(n) = -n**3 - 1. Determine a(x).
26
Let v = 36 + -1. Let c = 34 - v. Let g(w) = -w**3 - w**2 + w + 1. What is g(c)?
0
Let u(m) = 2*m**2 - 2*m - 1. Suppose -26*k + 27*k = -1. Determine u(k).
3
Let a(j) be the third derivative of -1/6*j**3 + 0 + 1/24*j**4 + 0*j + 1/60*j**5 + 12*j**2. Calculate a(1).
1
Suppose 0 = 3*h + h - 12. Let o(r) be the first derivative of r**4/4 - r**3 + 3*r + 105. Calculate o(h).
3
Let b(t) = t**2 + 6*t - 3. Suppose -5*j - 175 = 3*m - 8*m, 4*m = 3*j + 139. Suppose -57 = 13*g + m. Give b(g).
4
Let s(j) = 21*j - 8 - 48*j + 28*j. Determine s(3).
-5
Let i(l) = -l**3 - 7*l**2 - 3. Let j be i(-7). Suppose 0 = 3*k + 2*s - 3, -5*s = 4*k + 3. Let u(a) = 14*a + 2*a**3 - a**k + a**2 + 0 + 4 - 15*a. What is u(j)?
-11
Let y be 2 + 3 - (-19 + 24). Let i(t) be the second derivative of y - 3/2*t**2 - 1/2*t**3 - 7*t. Determine i(-4).
9
Let a(s) = -5*s**2 - 5*s - 3. Suppose 57*p - 44 = 68*p. Give a(p).
-63
Let s(v) = -v**2 - 4*v - 3. Let x = -19 + 22. Suppose x*k + 4 = k. What is s(k)?
1
Let s(c) = -20 + 0*c - 13*c + 8*c + 2*c. What is s(-8)?
4
Let w(v) = -2*v**2 + 5*v + 3. Suppose 9*p - 330 = -2*p. Let d = -26 + p. What is w(d)?
-9
Let l(q) = q**3 + 6*q**2 + 4*q + 7. Let c be -2*(4/(-8) - -1). Let z(i) = 3*i - 2. Let n be z(c). What is l(n)?
12
Let i(x) be the second derivative of x**4/12 - x**3 - 13*x**2/2 + x - 20. Determine i(9).
14
Let n(f) be the second derivative of 1/20*f**5 + f**3 + 1/2*f**4 + f**2 + f - 5. Give n(-5).
-3
Let w be (22/4)/(2*(-6)/(-24)). Let i(k) = 7*k**2 - 15*k - 15. Let m(b) = -3*b**2 + 8*b + 8. Let d(g) = -2*i(g) - 5*m(g). What is d(w)?
1
Suppose -w - 5 = 2*v - 1, -11 = 3*v + 4*w. Let k(q) = -4*q. Let a(j) = -2*j. Let u be (-1)/(2 - 36/20). Let f(l) = u*a(l) + 3*k(l). Determine f(v).
2
Let c(m) = -20*m - 12. Let i(o) = 7*o + 0 - 1 + 5. Let a(y) = -y**3 + 20*y**2 + 22*y - 15. Let h be a(21). Let b(q) = h*c(q) + 17*i(q). Calculate b(0).
-4
Let t(l) = l + 19. Let a(w) = 11*w + 196. Let x be a(-17). Determine t(x).
28
Let y(o) be the first derivative of o**4/4 - 5*o**3/3 - 3*o**2/2 - 444. Calculate y(6).
18
Let i(g) be the first derivative of g**2/2 - 3*g + 24. Give i(-9).
-12
Let q(d) be the third derivative of d**6/120 + d**5/15 + d**4/8 + d**3/3 + d**2. Let l(g) = -47*g - 49. Let h be l(-1). Determine q(h).
4
Let w(n) = -n**3 + n**2 - n - 3. Let b(o) = 3*o**2 - 3*o - 3. Let t(r) = -b(r) + w(r). What is t(-3)?
3
Suppose 4*g + 0 - 4 = 0. Let l(q) = -g + 22*q + 19*q - 39*q. Determine l(-2).
-5
Let d be (-20)/12*-3 + -11. Let v(u) = -14*u**2 - u + 32. Let o(c) = 5*c**2 - 11. Let h(y) = -11*o(y) - 4*v(y). What is h(d)?
5
Let y(g) be the third derivative of -g**5/120 + 3*g**4/8 - 37*g**3/6 + 24*g**2. Let t(c) be the first derivative of y(c). Give t(8).
1
Suppose -2*m - 18 = 3*i, -8*i - 45 = 5*m - 12*i. Let l(k) = k**3 + 9*k**2 - k + 13. Determine l(m).
22
Let l(q) = -17*q**2 - 2 + 5 + 4 + 16*q**2. Let k be l(0). Let f(n) = -n**2 + 7*n + 6. Give f(k).
6
Let u(m) = -m**2 - 8*m - 6. Let a = 3 - 11. Let w be u(a). Let c(p) = -p**2 - 6*p + 3. Give c(w).
3
Let t(d) = 5*d**3 - 6*d**2 - 2*d + 2. Let v(l) = -6*l**3 + 6*l**2 + 2*l - 1. Let g(q) = -5*t(q) - 4*v(q). Calculate g(6).
6
Let y(f) = f - 17. Let v be y(15). Let z = -5 - -10. Let j(x) = z + 4 + 2*x - 6. Calculate j(v).
-1
Suppose 4*x + 24 = 4*o, -5*o = -2*x - 13 - 8. Let a(p) be the first derivative of 5*p + 3/2*p**2 + 5/3*p**o + 1/4*p**4 - 4. Determine a(-4).
9
Suppose -5*o + 3*o = -2, -3*w + o - 19 = 0. Let f(n) = -n**2 + 5. What is f(w)?
-31
Let f = -437 - -433. Let r(k) = k**3 + 5*k**2 - k - 7. Determine r(f).
13
Let l be 1/((-3)/(-72)) + (25 - 26). Let r(b) = b**3 - 21*b**2 - 47*b + 20. What is r(l)?
-3
Let o(g) = 14614 - 4*g - 14599 - 9*g. Give o(5).
-50
Let p(u) = 10*u + 1. Let x(t) = -t**2 - 5*t - 3. Let d be x(-3). Let s(k) = k + 1. Let c be s(4). Suppose -c*n + 2*l = d*l + 6, 0 = -n + l. Determine p(n).
-9
Let c(m) be the third derivative of m**5/60 - m**4/6 - m**3/3 - m**2. Let a = 328 + -324. Calculate c(a).
-2
Let z be (1 - 15)/2 + -6. Let b(r) = r + 7. Give b(z).
-6
Let q(k) = -3*k - 1. Let l(g) be the third derivative of -g**6/120 + g**5/30 + g**4/24 + g**3/3 + 9*g**2. Let n be l(0). Determine q(n).
-7
Suppose q - 6*q = s - 15, 25 = 5*q + 3*s. Let o(m) be the second derivative of -1/6*m**3 - 6*m - m**q + 0. Give o(6).
-8
Let m(n) = -3*n + 2. Let j(d) = d + 1. Let u(g) = -3*g + 11. Let w be u(4). Let k(f) = w*j(f) + m(f). Give k(3).
-11
Let t be -4 - (-2)/(-4)*-14. Let f(i) = -5*i**2 + 0*i**3 - 3*i**3 + 2*i**t + 1. What is f(-2)?
-11
Let q(d) = 4*d - 11. Let v = -610 - -605. Calculate q(v).
-31
Let x(f) be the third derivative of f**8/6720 - f**7/360 + f**6/144 + f**5/24 + 2*f**4/3 - 9*f**2. Let l(p) be the second derivative of x(p). What is l(6)?
-1
Let o(i) be the second derivative of -i**5/20 + i**4/3 + i**3/3 + 7*i**2/2 - 140*i. Determine o(5).
-8
Let b be 9 + -3 + (7 - 5). Let w = -12 - -15. Let d(g) = 5. Let j(f) = f - 14. Let q(y) = b*d(y) + w*j(y). What is q(4)?
10
Suppose -70*c + 69*c + 3 = 0. Let l(h) = -c*h + 25*h - h**2 - 4 - 16*h. Give l(6).
-4
Let v(j) = 2*j + 47. Let l(f) = 3*f + 81. Let c(k) = 4*l(k) - 7*v(k). What is c(-13)?
21
Let s be 4/24*2*357. Let l = -120 + s. Let q(k) = 6*k. Calculate q(l).
-6
Let m = 10 + -12. Let z(t) = -3*t + 2. Let g(l) = 10*l - 7. Let c(h) = m*g(h) - 7*z(h). Suppose 4*b = 5*n, -4*b - 3*n + 6*n - 8 = 0. Give c(b).
-5
Suppose -2*z = -r - 0 + 2, -3*z = -4*r + 18. Let s(x) = 0 + 1 - 1 + r - x. Let q be (2 - (-2)/2) + (27 - 25). What is s(q)?
1
Let j(u) = 6*u + 17 - 23 - 2*u. Let l be 3 + 0 + (-4 - -3). Let i = l - -3. What is j(i)?
14
Let z(k) = 4*k**3 - 9*k**2 + k - 3. Let l(u) = 13*u**3 - 28*u**2 + 4*u - 8. Let j(s) = 2*l(s) - 7*z(s). What is j(4)?
-7
Let n(t) = t**3 - t**2 - 16*t + 3. Let x(d) = d**2 - d - 1. Let r(b) = n(b) - 3*x(b). Let u be r(6). Let i(h) = -h - 17. Give i(u).
-17
Let z(a) be the first derivative of a**4/4 + 5*a**3/3 + a**2/2 + 177. Calculate z(-5).
-5
Let r(d) be the second derivative of 5*d**3/6 - 5*d**2/2 + 796*d. Give r(-6).
-35
Let j(m) = 7*m + 12. Let b(x) = -19*x - 36. Let v(y) = -4*b(y) - 11*j(y). What is v(10)?
2
Let z(p) be the second derivative of -p**5/20 - 7*p**4/12 - 2*p**3/3 + 2*p**2 + 952*p. Let o = 11 - 17. What is z(o)?
-8
Let l(a) = -a**2 - 4*a - 1. Suppose -2*o = d - 52, 2*d - 3*o - 69 = 14. Suppose 9*s + d = 10. Give l(s).
-1
Let p(t) be the second derivative of t**5/10 + t**4/6 + t**3/3 + t**2/2 + 56*t + 2. Calculate p(-1).
-1
Let d be 504/273 - (-4)/26. Let w(r) = 0*r**3 + 3498*r**d - 3498*r**2 - 11 - r**3. Calculate w(0).
-11
Let v(c) = -3*c + 1. Let m(s) = 10*s - 3. Suppose -n + 2 = 16. Let f be (n/2)/(-7 - -8). Let i(k) = f*v(k) - 2*m(k). Calculate i(-1).
-2
Suppose -5*v + 19 = u - 0*v, 4*u + 5*v = 31. Suppose 4*r - u = 3*r. Let w(a) = -9*a + 12. Let y(c) = -8*c + 11. Let l(x) = -5*w(x) + 6*y(x). Give l(r).
-6
Let u(m) = -4*m + 46. Let t be u(8). Suppose 0 = -2*g + g + 6. Let a(p) = -g + t*p**2 - 7*p**2 + 5*p - 8*p**2. What is a(5)?
-6
Let k = -2230 + 2236. Let a(d) = -d**2 - 2*d + 51. Give a(k).
3
Let n(x) = x**3 + 5*x**2 - 2*x + 9. Let r(y) = y**2 - 2*y. Let t(z) = n(z) + 2*r(z). Calculate t(-8).
-7
Let f(d) be the first derivative of 3*d**5/4 + d**3/3 + d**2/2 + 16*d - 6. Let y(k) be the first derivative of f(k). Let t be (2 + (-4 - -1))/1. What is y(t)?
-16
Let x = 1 - 1. Suppose 5*h + 4*a = 4, 0 = -0*a + 2*a + 8. Let y(v) = -v**2 + 4*v + 4*v - 13 - h*v - 5*v. What is y(x)?
-13
Let i(q) = 4*q + 3. Let c(g) = -g. Let t(n) = 5*c(n) + i(n). Let d = -22 - -16. Let h = -10 - d. Give t(h).
7
Let r(o) = 281740*o**2 + 1 - 140873*o**2 - 140868*o**2 + 11*o. Let n = 23 - 13. Determine r(n).
11
Let d(c) = -c + 2. Let r = 84 - 91. Determine d(r).
9
Suppose -2*j - 17 + 39 = 0. Suppose -5 = -6*r + j*r. Let v(x) = -4*x**3 + x**2 + 2*x + 1. Give v(r).
4
Suppose 60 = -23*g + 27*g. Suppose 3*z - 2*r - 5 = 0, 3*r - 3 = -g. Let a(u) be the second derivative of u**4/2 - u**2/2 - 2*u. Determine a(z).
5
Let m = -9